{"id":2437,"date":"2019-09-09T17:08:15","date_gmt":"2019-09-09T17:08:15","guid":{"rendered":"http:\/\/www.jazzclubkosz.pl\/?page_id=2437"},"modified":"2019-09-10T17:14:48","modified_gmt":"2019-09-10T17:14:48","slug":"imojv-2019","status":"publish","type":"page","link":"http:\/\/www.jazzclubkosz.pl\/?page_id=2437","title":{"rendered":"MSWJ 2019"},"content":{"rendered":"<div class=\"wpb-content-wrapper\"><p>[vc_row][vc_column][vc_text_separator title=\u201d46 MI\u0118DZYNARODOWE SPOTKANIA WOKALIST\u00d3W JAZZOWYCH\u201d][vc_row_inner][vc_column_inner][\/vc_column_inner][\/vc_row_inner][vc_column_text]<\/p>\n<p style=\"text-align: center;\">JURY 46 MI\u0118DZYNARODOWYCH SPOTKA\u0143 WOKALIST\u00d3W JAZZOWYCH W ZAMO\u015aCIU W SK\u0141ADZIE:<\/p>\n<p style=\"text-align: center;\">KRZYSZTOF BRZ\u00d3ZKA ,BARBARA WIATRZYK,\u00a0JERZY BA\u0141AKUT,\u00a0TADEUSZ N\u0118DZA KUBINIEC<\/p>\n<p style=\"text-align: center;\">POSTANOWI\u0141O PRZYZNA\u0106 NAST\u0118PUJ\u0118CE NAGRODY ORAZ WYR\u00d3ZNIENIA:<\/p>\n<p style=\"text-align: center;\">I NAGRODA \u2013 PIOTR ZUBEK<\/p>\n<p style=\"text-align: center;\">II NAGRODA \u2013 IRENA ZAPOLSKA<\/p>\n<p style=\"text-align: center;\">WYR\u00d3\u017bNIENIA:<\/p>\n<p style=\"text-align: center;\">IGNACY B\u0141A\u017bEJOWSKI<\/p>\n<p style=\"text-align: center;\">MA\u0141GORZATA SALITRA<\/p>\n<p style=\"text-align: center;\">MARIA MA\u0143KOWSKA<\/p>\n<p>[\/vc_column_text][\/vc_column][\/vc_row][vc_row][vc_column][vc_text_separator title=\u201dGALERIA VIDEO Z 46 MSWJ 2019 \u2013 DAWID G\u0118BALA\u201d][vc_text_separator title=\u201dLAUREACI 46 MPWJ ORAZ RECITAL GANRIELI KUNDZIEWICZ LAUREATKI 45 MSWJ 2018\u2033][vc_text_separator title=\u201dW SEKCJI AKOMPANIOWALI: TOMASZ BIA\u0141OWOLSKI (piano), WOJCIECH SZWUGiER (kontrabas), PIOTR SKRZY\u0143SKI (perkusja)\u201d border_width=\u201d4\u2033][\/vc_column][\/vc_row][vc_row][vc_column]<div class=\"videos--wrap-sc  \"><div class=\"videos--grid grid-row mosaic--section \"><div class=\"grid--item item-anim anim-fadeup grid-3 grid-tablet-6 grid-mobile-6\"><a href=\"http:\/\/www.jazzclubkosz.pl\/wp-content\/uploads\/2019\/09\/Gabiela-Kundziewicz-22It-dont-mean-a-thing-22.mp4\" class=\"video-sc anim--reveal permalink iframebox\"><img decoding=\"async\" class=\"videos--image\" src=\"http:\/\/www.jazzclubkosz.pl\/wp-content\/uploads\/2019\/09\/46-IMOJV-GRANAT-RGB-440x300.jpg\" alt=\"Post image\"><h2 class=\"videos--title\">Gabriela Kundziewicz \u2013 \u201eIt don\u2019t mean a thing \u201e<\/h2><span class=\"videos--play-layer\"><span class=\"icon icon-play\"><\/span><\/span><\/a><\/div><div class=\"grid--item item-anim anim-fadeup grid-3 grid-tablet-6 grid-mobile-6\"><a href=\"http:\/\/www.jazzclubkosz.pl\/wp-content\/uploads\/2019\/09\/Gabriela-Kundziewicz-22These-foolish-things-22.mp4\" class=\"video-sc anim--reveal permalink iframebox\"><img decoding=\"async\" class=\"videos--image\" src=\"http:\/\/www.jazzclubkosz.pl\/wp-content\/uploads\/2019\/09\/46-IMOJV-GRANAT-RGB-440x300.jpg\" alt=\"Post image\"><h2 class=\"videos--title\">Gabriela Kundziewicz \u2013 \u201eThese foolish things\u201d<\/h2><span class=\"videos--play-layer\"><span class=\"icon icon-play\"><\/span><\/span><\/a><\/div><div class=\"grid--item item-anim anim-fadeup grid-3 grid-tablet-6 grid-mobile-6\"><a href=\"http:\/\/www.jazzclubkosz.pl\/wp-content\/uploads\/2019\/09\/Gabriela-Kundziewicz-22Gee-baby-aint-I-good-for-you22.mp4\" class=\"video-sc anim--reveal permalink iframebox\"><img decoding=\"async\" class=\"videos--image\" src=\"http:\/\/www.jazzclubkosz.pl\/wp-content\/uploads\/2019\/09\/46-IMOJV-GRANAT-RGB-440x300.jpg\" alt=\"Post image\"><h2 class=\"videos--title\">Gabriela Kundziewiecz \u2013 \u201eGee baby ain\u2019t I good for you\u201d<\/h2><span class=\"videos--play-layer\"><span class=\"icon icon-play\"><\/span><\/span><\/a><\/div><div class=\"grid--item item-anim anim-fadeup grid-3 grid-tablet-6 grid-mobile-6\"><a href=\"http:\/\/www.jazzclubkosz.pl\/wp-content\/uploads\/2019\/09\/Gabriela-Kundziewicz-22In-a-sentimetal-mood22.mp4\" class=\"video-sc anim--reveal permalink iframebox\"><img decoding=\"async\" class=\"videos--image\" src=\"http:\/\/www.jazzclubkosz.pl\/wp-content\/uploads\/2019\/09\/46-IMOJV-GRANAT-RGB-440x300.jpg\" alt=\"Post image\"><h2 class=\"videos--title\">Gabriela Kundziewicz  \u2013 \u201eIn a sentimental mood\u201d<\/h2><span class=\"videos--play-layer\"><span class=\"icon icon-play\"><\/span><\/span><\/a><\/div><div class=\"grid--item item-anim anim-fadeup grid-3 grid-tablet-6 grid-mobile-6\"><a href=\"http:\/\/www.jazzclubkosz.pl\/wp-content\/uploads\/2019\/09\/Piotr-Zubek-03.mp4\" class=\"video-sc anim--reveal permalink iframebox\"><img decoding=\"async\" class=\"videos--image\" src=\"http:\/\/www.jazzclubkosz.pl\/wp-content\/uploads\/2019\/09\/46-IMOJV-GRANAT-RGB-440x300.jpg\" alt=\"Post image\"><h2 class=\"videos--title\">Piotr Zubek 03<\/h2><span class=\"videos--play-layer\"><span class=\"icon icon-play\"><\/span><\/span><\/a><\/div><div class=\"grid--item item-anim anim-fadeup grid-3 grid-tablet-6 grid-mobile-6\"><a href=\"http:\/\/www.jazzclubkosz.pl\/wp-content\/uploads\/2019\/09\/Piotr-Zubek-02.mp4\" class=\"video-sc anim--reveal permalink iframebox\"><img decoding=\"async\" class=\"videos--image\" src=\"http:\/\/www.jazzclubkosz.pl\/wp-content\/uploads\/2019\/09\/46-IMOJV-GRANAT-RGB-440x300.jpg\" alt=\"Post image\"><h2 class=\"videos--title\">Piotr Zubek 02<\/h2><span class=\"videos--play-layer\"><span class=\"icon icon-play\"><\/span><\/span><\/a><\/div><div class=\"grid--item item-anim anim-fadeup grid-3 grid-tablet-6 grid-mobile-6\"><a href=\"http:\/\/www.jazzclubkosz.pl\/?page_id=2463\" class=\"video-sc post-count permalink anim--reveal\"><img decoding=\"async\" class=\"videos--image\" src=\"http:\/\/www.jazzclubkosz.pl\/wp-content\/uploads\/2019\/09\/46-IMOJV-GRANAT-RGB-440x300.jpg\" alt=\"Post image\"><div class=\"desc-count\">7<\/div><div class=\"desc-plus\"><\/div><div class=\"shade\"><\/div><\/a><\/div><\/div><\/div><div class=\"clear\"><\/div>[\/vc_column][\/vc_row][vc_row][vc_column][\/vc_column][\/vc_row]<\/p>\n<\/div>","protected":false},"excerpt":{"rendered":"<p>[vc_row][vc_column][vc_text_separator title=\u201d46 MI\u0118DZYNARODOWE SPOTKANIA WOKALIST\u00d3W JAZZOWYCH\u201d][vc_row_inner][vc_column_inner][\/vc_column_inner][\/vc_row_inner][vc_column_text] JURY 46 MI\u0118DZYNARODOWYCH SPOTKA\u0143 WOKALIST\u00d3W JAZZOWYCH W ZAMO\u015aCIU W SK\u0141ADZIE: KRZYSZTOF BRZ\u00d3ZKA ,BARBARA WIATRZYK,\u00a0JERZY BA\u0141AKUT,\u00a0TADEUSZ N\u0118DZA KUBINIEC POSTANOWI\u0141O PRZYZNA\u0106 NAST\u0118PUJ\u0118CE NAGRODY ORAZ WYR\u00d3ZNIENIA: I NAGRODA \u2013 PIOTR ZUBEK II NAGRODA \u2013 IRENA ZAPOLSKA WYR\u00d3\u017bNIENIA: IGNACY B\u0141A\u017bEJOWSKI MA\u0141GORZATA SALITRA MARIA MA\u0143KOWSKA [\/vc_column_text][\/vc_column][\/vc_row][vc_row][vc_column][vc_text_separator title=\u201dGALERIA VIDEO Z 46 MSWJ 2019 \u2013 DAWID [&hellip;]<\/p>\n","protected":false},"author":1,"featured_media":2425,"parent":0,"menu_order":0,"comment_status":"closed","ping_status":"closed","template":"","meta":{"footnotes":""},"class_list":["post-2437","page","type-page","status-publish","has-post-thumbnail","hentry"],"_links":{"self":[{"href":"http:\/\/www.jazzclubkosz.pl\/index.php?rest_route=\/wp\/v2\/pages\/2437","targetHints":{"allow":["GET"]}}],"collection":[{"href":"http:\/\/www.jazzclubkosz.pl\/index.php?rest_route=\/wp\/v2\/pages"}],"about":[{"href":"http:\/\/www.jazzclubkosz.pl\/index.php?rest_route=\/wp\/v2\/types\/page"}],"author":[{"embeddable":true,"href":"http:\/\/www.jazzclubkosz.pl\/index.php?rest_route=\/wp\/v2\/users\/1"}],"replies":[{"embeddable":true,"href":"http:\/\/www.jazzclubkosz.pl\/index.php?rest_route=%2Fwp%2Fv2%2Fcomments&post=2437"}],"version-history":[{"count":11,"href":"http:\/\/www.jazzclubkosz.pl\/index.php?rest_route=\/wp\/v2\/pages\/2437\/revisions"}],"predecessor-version":[{"id":2476,"href":"http:\/\/www.jazzclubkosz.pl\/index.php?rest_route=\/wp\/v2\/pages\/2437\/revisions\/2476"}],"wp:featuredmedia":[{"embeddable":true,"href":"http:\/\/www.jazzclubkosz.pl\/index.php?rest_route=\/wp\/v2\/media\/2425"}],"wp:attachment":[{"href":"http:\/\/www.jazzclubkosz.pl\/index.php?rest_route=%2Fwp%2Fv2%2Fmedia&parent=2437"}],"curies":[{"name":"wp","href":"https:\/\/api.w.org\/{rel}","templated":true}]}}

<div class="wpb-content-wrapper"><p>[vc_row][vc_column][vc_text_separator title=”46 MIĘDZYNARODOWE SPOTKANIA WOKALISTÓW JAZZOWYCH”][vc_row_inner][vc_column_inner][/vc_column_inner][/vc_row_inner][vc_column_text]</p>
<p style="text-align: center;">JURY 46 MIĘDZYNARODOWYCH SPOTKAŃ WOKALISTÓW JAZZOWYCH W ZAMOŚCIU W SKŁADZIE:</p>
<p style="text-align: center;">KRZYSZTOF BRZÓZKA ,BARBARA WIATRZYK, JERZY BAŁAKUT, TADEUSZ NĘDZA KUBINIEC</p>
<p style="text-align: center;">POSTANOWIŁO PRZYZNAĆ NASTĘPUJĘCE NAGRODY ORAZ WYRÓZNIENIA:</p>
<p style="text-align: center;">I NAGRODA – PIOTR ZUBEK</p>
<p style="text-align: center;">II NAGRODA – IRENA ZAPOLSKA</p>
<p style="text-align: center;">WYRÓŻNIENIA:</p>
<p style="text-align: center;">IGNACY BŁAŻEJOWSKI</p>
<p style="text-align: center;">MAŁGORZATA SALITRA</p>
<p style="text-align: center;">MARIA MAŃKOWSKA</p>
<p>[/vc_column_text][/vc_column][/vc_row][vc_row][vc_column][vc_text_separator title=”GALERIA VIDEO Z 46 MSWJ 2019 – DAWID GĘBALA”][vc_text_separator title=”LAUREACI 46 MPWJ ORAZ RECITAL GANRIELI KUNDZIEWICZ LAUREATKI 45 MSWJ 2018″][vc_text_separator title=”W SEKCJI AKOMPANIOWALI: TOMASZ BIAŁOWOLSKI (piano), WOJCIECH SZWUGiER (kontrabas), PIOTR SKRZYŃSKI (perkusja)” border_width=”4″][/vc_column][/vc_row][vc_row][vc_column]<div class="videos--wrap-sc  "><div class="videos--grid grid-row mosaic--section "><div class="grid--item item-anim anim-fadeup grid-3 grid-tablet-6 grid-mobile-6"><a href="http://www.jazzclubkosz.pl/wp-content/uploads/2019/09/Gabiela-Kundziewicz-22It-dont-mean-a-thing-22.mp4" class="video-sc anim--reveal permalink iframebox"><img decoding="async" class="videos--image" src="http://www.jazzclubkosz.pl/wp-content/uploads/2019/09/46-IMOJV-GRANAT-RGB-440x300.jpg" alt="Post image"><h2 class="videos--title">Gabriela Kundziewicz – „It don’t mean a thing „</h2><span class="videos--play-layer"><span class="icon icon-play"></span></span></a></div><div class="grid--item item-anim anim-fadeup grid-3 grid-tablet-6 grid-mobile-6"><a href="http://www.jazzclubkosz.pl/wp-content/uploads/2019/09/Gabriela-Kundziewicz-22These-foolish-things-22.mp4" class="video-sc anim--reveal permalink iframebox"><img decoding="async" class="videos--image" src="http://www.jazzclubkosz.pl/wp-content/uploads/2019/09/46-IMOJV-GRANAT-RGB-440x300.jpg" alt="Post image"><h2 class="videos--title">Gabriela Kundziewicz – „These foolish things”</h2><span class="videos--play-layer"><span class="icon icon-play"></span></span></a></div><div class="grid--item item-anim anim-fadeup grid-3 grid-tablet-6 grid-mobile-6"><a href="http://www.jazzclubkosz.pl/wp-content/uploads/2019/09/Gabriela-Kundziewicz-22Gee-baby-aint-I-good-for-you22.mp4" class="video-sc anim--reveal permalink iframebox"><img decoding="async" class="videos--image" src="http://www.jazzclubkosz.pl/wp-content/uploads/2019/09/46-IMOJV-GRANAT-RGB-440x300.jpg" alt="Post image"><h2 class="videos--title">Gabriela Kundziewiecz – „Gee baby ain’t I good for you”</h2><span class="videos--play-layer"><span class="icon icon-play"></span></span></a></div><div class="grid--item item-anim anim-fadeup grid-3 grid-tablet-6 grid-mobile-6"><a href="http://www.jazzclubkosz.pl/wp-content/uploads/2019/09/Gabriela-Kundziewicz-22In-a-sentimetal-mood22.mp4" class="video-sc anim--reveal permalink iframebox"><img decoding="async" class="videos--image" src="http://www.jazzclubkosz.pl/wp-content/uploads/2019/09/46-IMOJV-GRANAT-RGB-440x300.jpg" alt="Post image"><h2 class="videos--title">Gabriela Kundziewicz  – „In a sentimental mood”</h2><span class="videos--play-layer"><span class="icon icon-play"></span></span></a></div><div class="grid--item item-anim anim-fadeup grid-3 grid-tablet-6 grid-mobile-6"><a href="http://www.jazzclubkosz.pl/wp-content/uploads/2019/09/Piotr-Zubek-03.mp4" class="video-sc anim--reveal permalink iframebox"><img decoding="async" class="videos--image" src="http://www.jazzclubkosz.pl/wp-content/uploads/2019/09/46-IMOJV-GRANAT-RGB-440x300.jpg" alt="Post image"><h2 class="videos--title">Piotr Zubek 03</h2><span class="videos--play-layer"><span class="icon icon-play"></span></span></a></div><div class="grid--item item-anim anim-fadeup grid-3 grid-tablet-6 grid-mobile-6"><a href="http://www.jazzclubkosz.pl/wp-content/uploads/2019/09/Piotr-Zubek-02.mp4" class="video-sc anim--reveal permalink iframebox"><img decoding="async" class="videos--image" src="http://www.jazzclubkosz.pl/wp-content/uploads/2019/09/46-IMOJV-GRANAT-RGB-440x300.jpg" alt="Post image"><h2 class="videos--title">Piotr Zubek 02</h2><span class="videos--play-layer"><span class="icon icon-play"></span></span></a></div><div class="grid--item item-anim anim-fadeup grid-3 grid-tablet-6 grid-mobile-6"><a href="http://www.jazzclubkosz.pl/?page_id=2463" class="video-sc post-count permalink anim--reveal"><img decoding="async" class="videos--image" src="http://www.jazzclubkosz.pl/wp-content/uploads/2019/09/46-IMOJV-GRANAT-RGB-440x300.jpg" alt="Post image"><div class="desc-count">7</div><div class="desc-plus"></div><div class="shade"></div></a></div></div></div><div class="clear"></div>[/vc_column][/vc_row][vc_row][vc_column][/vc_column][/vc_row]</p>
</div>

<p>[vc_row][vc_column][vc_text_separator title=”46 MIĘDZYNARODOWE SPOTKANIA WOKALISTÓW JAZZOWYCH”][vc_row_inner][vc_column_inner][/vc_column_inner][/vc_row_inner][vc_column_text] JURY 46 MIĘDZYNARODOWYCH SPOTKAŃ WOKALISTÓW JAZZOWYCH W ZAMOŚCIU W SKŁADZIE: KRZYSZTOF BRZÓZKA ,BARBARA WIATRZYK, JERZY BAŁAKUT, TADEUSZ NĘDZA KUBINIEC POSTANOWIŁO PRZYZNAĆ NASTĘPUJĘCE NAGRODY ORAZ WYRÓZNIENIA: I NAGRODA – PIOTR ZUBEK II NAGRODA – IRENA ZAPOLSKA WYRÓŻNIENIA: IGNACY BŁAŻEJOWSKI MAŁGORZATA SALITRA MARIA MAŃKOWSKA [/vc_column_text][/vc_column][/vc_row][vc_row][vc_column][vc_text_separator title=”GALERIA VIDEO Z 46 MSWJ 2019 – DAWID [&hellip;]</p>
